2*j - 4. Let l be q(4). What is the highest common divisor of n and l?
10
Let o(c) = 2*c - 8. Let w be o(6). Let s(l) = -l**2 + 4*l + 4. Let n be s(w). Suppose -25 = -n*d - d. What is the highest common divisor of d and 10?
5
Let s = -108 - -128. What is the greatest common factor of 4 and s?
4
Suppose 20 = -4*v, 5*v = 2*t - 0*v - 51. Let s(i) = 8*i + 9. Let l be (-2)/((-1)/7*2). Let j be s(l). What is the greatest common factor of t and j?
13
Let v = 11 - 4. Suppose 2*c - 7 = v. Calculate the greatest common divisor of 7 and c.
7
Let u(t) = -t**2 - 4*t. Suppose 0 = -5*o - 14 - 6. Let d be u(o). Suppose d = -3*l + 8*l - 15. What is the greatest common divisor of 27 and l?
3
Let y(b) = 4*b**2 - 3*b + 3. Let r(w) = -w**2 + 5*w + 2. Let m be r(5). Let g be y(m). Calculate the highest common factor of g and 65.
13
Let u be (-6)/(-15) + 13/5. Suppose 1 = -u*p - 11. Let v = p - -21. Calculate the greatest common factor of 34 and v.
17
Let n = 19 + -21. Let v be (1*n)/(4/(-18)). What is the highest common divisor of v and 18?
9
Let k be (4 - -1) + -4 - -12. Suppose 26 = -7*h + 4*h - 5*d, 3*d = -h - 14. Let z be h + 2 + 0 + 117. Calculate the highest common divisor of k and z.
13
Suppose 3*y - 5*y + 288 = 0. What is the greatest common factor of y and 18?
18
Let p be ((-27)/(-2))/(-3)*-2. Let r be 3/2 + 207/6. Calculate the greatest common factor of r and p.
9
Suppose -5*v = -w + 13, 0 = 4*w - 3*w - v - 29. What is the greatest common divisor of 11 and w?
11
Suppose 4*x - 5 = 3*x. Let h = 122 - 58. Let b = h - 24. Calculate the greatest common divisor of b and x.
5
Let w(c) = -c**3 - 7*c**2 - c - 3. Suppose -g + 4*a = -2*g - 19, -g + 2*a = 1. Let s be w(g). Calculate the highest common factor of s and 16.
4
Let n(m) = -5*m - 5. Let c be n(-6). What is the greatest common factor of 25 and c?
25
Let k be (2 + -46)*232/(-32). Calculate the greatest common divisor of 29 and k.
29
Let c(t) = -t**3 + t**2 - t + 3. Let n be c(0). Suppose -3*x - n = 3, 200 = 3*l + 5*x. Calculate the greatest common divisor of 14 and l.
14
Let m be (-4)/(-14) + (-107)/7. Let y be 5/(m/(-768)) + 2. Suppose 4*v = v - j + 380, 3*j - y = -2*v. Calculate the highest common divisor of 14 and v.
14
Let g(x) = 8*x**3 + 2*x**2 - x + 2. Let z be g(2). Suppose 2*w + 2*s = 3*s + 17, w + s = 7. Calculate the greatest common factor of w and z.
8
Suppose 0 - 6 = -2*z - 2*n, 0 = -3*z - 5*n + 11. Suppose 0 = -z*x - 8 - 4. Let r be (10/(-15))/(2/x). Calculate the highest common factor of 2 and r.
2
Let j = -187 - -199. Calculate the highest common divisor of 156 and j.
12
Let u(b) = 3*b**2 - b. Let v be u(4). Let w(p) = -p**2 - 5*p + 4. Let t be w(-5). Calculate the greatest common divisor of v and t.
4
Let z(m) be the first derivative of m**2 - m + 3. Suppose -5*h = -h - 28. Let n be z(h). Calculate the highest common divisor of n and 13.
13
Suppose 0 = v - 0*v - 72. Suppose -v = c - 2*c. Calculate the greatest common divisor of c and 8.
8
Suppose 316 = 3*g - 197. What is the greatest common factor of g and 19?
19
Let p(v) be the third derivative of v**6/120 - v**5/30 - v**4/12 - 7*v**3/6 - v**2. Let o be p(4). Calculate the highest common factor of o and 17.
17
Suppose -s - 3*a = -453, -5*s + 2253 + 45 = 4*a. What is the greatest common divisor of s and 42?
42
Suppose -5*h = -68 - 182. Suppose 0 = -u + 3*u - 150. What is the greatest common divisor of h and u?
25
Suppose -3*h = -y - y - 28, 3*h + 3*y - 18 = 0. Calculate the greatest common divisor of 4 and h.
4
Suppose -58 = -a + 3*o + o, 3*a - 2*o - 224 = 0. What is the greatest common factor of a and 26?
26
Let x(a) = 8*a - 25. Let v be x(11). What is the highest common factor of v and 7?
7
Let u(i) = 4*i - 9. Let d be u(5). What is the greatest common factor of d and 22?
11
Let t(a) = a - 3*a - a - 2. Let s be t(-3). Let n be (7*-1)/(-3 - (-78)/27). What is the highest common divisor of n and s?
7
Let o = -13 + 33. Let h = 29 + -19. What is the highest common divisor of h and o?
10
Suppose -b = -5*b. Suppose b = 5*y - 5*j - 400, 4*y + 4*j - 2*j = 344. Let n = -11 + 23. What is the highest common factor of y and n?
12
Let b = 8 - 3. Suppose 0 = 4*i + b*p - 12, 0 = -5*i + i + p + 36. What is the highest common divisor of i and 40?
8
Let h be (2 - 0) + 2/1. Let w be (-72)/5 + (-8)/(-20). Let v = w + 22. What is the greatest common factor of v and h?
4
Let k be -1 + 20 - 1*-2. Let i = k - 5. Let b be (0 - 1)*(1 + -3). Calculate the highest common divisor of b and i.
2
Let b = -41 - -54. Calculate the highest common divisor of 26 and b.
13
Suppose 8 = 2*a + 2*a. Suppose a*n = 4*n - 100. Let g(r) = 2*r**2 + 6*r. Let p be g(-5). Calculate the highest common divisor of p and n.
10
Suppose -s = -5*h - 95, -h = 3*s + 11 - 232. Calculate the greatest common factor of s and 25.
25
Let g = 26 - 0. Suppose 2*r - 6 = g. Calculate the greatest common divisor of r and 8.
8
Let u(x) = 0 + 4*x - x**2 - 2*x + 3. Let n be u(-2). Let k(c) = c**3 + 6*c**2 - c - 6. Let j be k(n). What is the highest common divisor of j and 36?
12
Let p(x) = x**2 + x + 81. Suppose -d + 50 = 4*d. Suppose d*b = 5*b. Let r be p(b). What is the greatest common divisor of r and 9?
9
Suppose 300 = 5*b - 0. Calculate the greatest common factor of b and 12.
12
Let i be (-6)/(-21) + 54/7. Let b be -11*9/(27/(-24)). What is the greatest common factor of b and i?
8
Suppose 2*j - 61 = 23. What is the greatest common factor of j and 14?
14
Let d be (-20)/(-70) - (-24)/14. Suppose -2*w + 34 = -d*u, 0*w + w - 32 = 4*u. Calculate the greatest common divisor of w and 60.
12
Let c = -4 + -1. Let k(y) = -9*y - 10. Let a be k(c). Let t be (-7)/(-1)*(-1)/(-1). Calculate the greatest common factor of a and t.
7
Let h be (2 + -4)/((-3)/6). Calculate the highest common factor of h and 36.
4
Let s(d) = 2*d + 6. Let m be s(3). Calculate the highest common divisor of m and 4.
4
Let n = 1 - 1. Suppose -7 = -5*z - k + 10, n = 2*k + 6. Suppose -z - 5 = -p. What is the highest common divisor of 1 and p?
1
Suppose 0*m - 11 = -m - 4*a, -5*a = -4*m + 65. What is the highest common divisor of 6 and m?
3
Let x = -89 + 215. What is the highest common divisor of x and 42?
42
Suppose -b - b = 0. Suppose w - 1 - 2 = b. Calculate the greatest common divisor of 9 and w.
3
Let s(c) = 2*c + 4. Let l be s(0). Suppose -11 = -4*o + 5*b + 3, l*o - 2*b - 20 = 0. Calculate the highest common factor of o and 6.
6
Let t be 2/(-9)*-114 - 2/(-3). What is the greatest common divisor of 286 and t?
26
Let w(f) = f**2 + 2*f - 4. Let o be w(-4). What is the highest common divisor of 28 and o?
4
Suppose 4*o + 2*y - 150 = 0, 5*y + 30 = -2*o + 125. Let i = o - 19. Let b(m) = -m**2 + m + 40. Let x be b(0). Calculate the greatest common divisor of i and x.
8
Let i be (30/6)/(3/45). What is the greatest common divisor of 30 and i?
15
Let i = -49 + 225. Calculate the highest common divisor of i and 16.
16
Let q = 28 + -15. Suppose 6*i - 3*i = 312. Suppose -5*o + o = -i. Calculate the greatest common factor of q and o.
13
Suppose -6 = -3*c + 9. Suppose -6 + 26 = -c*y, -k - y = -6. Let n be (-140)/6*(1 - 4). What is the greatest common factor of k and n?
10
Let a be 54/15*10/4. Suppose 5*y - 46 - a = 0. Let z(q) = 6*q**2 + 5*q - 4. Let i be z(-5). Calculate the highest common divisor of y and i.
11
Suppose 0 = -3*r + 6*r + 4*f - 34, -2*r + 24 = 4*f. Let o(y) = 4*y**2 + 7*y + 8. Let l be o(-6). What is the greatest common factor of r and l?
10
Suppose 5*o - 649 = 3*a, -3*a + 244 = 2*o + a. Calculate the greatest common divisor of o and 32.
32
Suppose 3*k - k - 8 = 0. Let o be (2/6)/((-1)/(-6)). Suppose -c - o*q + 0 - 6 = 0, c + 14 = -k*q. What is the greatest common factor of c and 1?
1
Suppose -2*b = 6, 4*n + 3*b - 25 = 2*n. Calculate the highest common factor of n and 119.
17
Suppose -2*b = -5*d + 2*d - 22, -4*b + 44 = -5*d. Calculate the greatest common factor of 88 and b.
11
Let d(j) = j**3 + 5*j - 2. Let k be d(4). Let s be 4*1/(-2) + k. What is the highest common factor of s and 16?
16
Let y be (-2)/(-10) - (-8)/10. Let z = 4 + y. Calculate the greatest common factor of z and 1.
1
Suppose 0 = -4*f - g + 49, -4*f = 2*g - 33 - 17. Calculate the greatest common divisor of 6 and f.
6
Let p(b) = -15*b**3 + b**2 - b + 2. Let x be p(-2). Let g 